{"id":861,"date":"2021-05-12T17:18:10","date_gmt":"2021-05-12T17:18:10","guid":{"rendered":"https:\/\/www.josemanjon.com\/?page_id=861"},"modified":"2021-05-12T17:18:11","modified_gmt":"2021-05-12T17:18:11","slug":"electricidad","status":"publish","type":"page","link":"https:\/\/www.josemanjon.com\/index.php\/electricidad\/","title":{"rendered":"ELECTRICIDAD"},"content":{"rendered":"<div id='full_slider_1'  class='avia-fullwidth-slider main_color avia-shadow  av-small-hide av-mini-hide  avia-builder-el-0  el_before_av_section  avia-builder-el-first   container_wrap sidebar_right' style=' '  ><div   data-size='no scaling'  data-lightbox_size='large'  data-animation='slide_up'  data-conditional_play=''  data-ids='857'  data-video_counter='0'  data-autoplay='false'  data-bg_slider='false'  data-slide_height=''  data-handle='av_slideshow_full'  data-interval='6'  data-class=' '  data-el_id=''  data-css_id=''  data-scroll_down=''  data-control_layout='av-control-minimal'  data-custom_markup=''  data-perma_caption=''  data-autoplay_stopper=''  data-image_attachment=''  data-min_height='0px'  data-lazy_loading='disabled'  data-src=''  data-position='top left'  data-repeat='no-repeat'  data-attach='scroll'  data-stretch=''  class='avia-slideshow avia-slideshow-1  av-control-minimal av-default-height-applied avia-slideshow-no scaling av_slideshow_full   avia-slide_up-slider '  itemprop=\"image\" itemscope=\"itemscope\" itemtype=\"https:\/\/schema.org\/ImageObject\" ><ul class='avia-slideshow-inner ' style='padding-bottom: 24.585282858358%;' ><li  class=' av-single-slide slide-1 ' ><div data-rel='slideshow-1' class='avia-slide-wrap '   ><img class=\"wp-image-857 avia-img-lazy-loading-not-857\"  src=\"https:\/\/www.josemanjon.com\/wp-content\/uploads\/2021\/05\/portada.png\" width=\"2351\" height=\"578\" title='portada' alt=''  itemprop=\"thumbnailUrl\" srcset=\"https:\/\/www.josemanjon.com\/wp-content\/uploads\/2021\/05\/portada.png 2351w, https:\/\/www.josemanjon.com\/wp-content\/uploads\/2021\/05\/portada-300x74.png 300w, https:\/\/www.josemanjon.com\/wp-content\/uploads\/2021\/05\/portada-1030x253.png 1030w, https:\/\/www.josemanjon.com\/wp-content\/uploads\/2021\/05\/portada-768x189.png 768w, https:\/\/www.josemanjon.com\/wp-content\/uploads\/2021\/05\/portada-1536x378.png 1536w, https:\/\/www.josemanjon.com\/wp-content\/uploads\/2021\/05\/portada-2048x504.png 2048w, https:\/\/www.josemanjon.com\/wp-content\/uploads\/2021\/05\/portada-1500x369.png 1500w, https:\/\/www.josemanjon.com\/wp-content\/uploads\/2021\/05\/portada-705x173.png 705w\" sizes=\"(max-width: 2351px) 100vw, 2351px\" \/><\/div><\/li><\/ul><\/div><\/div>\n<div id='av_section_1'  class='avia-section alternate_color avia-section-small avia-no-border-styling  av-section-color-overlay-active avia-bg-style-fixed  avia-builder-el-1  el_after_av_slideshow_full  el_before_av_section   container_wrap sidebar_right' style=' '  ><div class='av-section-color-overlay-wrap'><div class='av-section-color-overlay' style='opacity: 0.7; background-color: #000000; '><\/div><a href='#next-section' title='' class='scroll-down-link '  aria-hidden='true' data-av_icon='\ue877' data-av_iconfont='entypo-fontello'><\/a><div class='container' ><div class='template-page content  av-content-small alpha units'><div class='post-entry post-entry-type-page post-entry-861'><div class='entry-content-wrapper clearfix'>\n<div  style='height:1px; margin-top:-30px'  class='hr hr-invisible   avia-builder-el-2  el_before_av_heading  avia-builder-el-first '><span class='hr-inner ' ><span class='hr-inner-style'><\/span><\/span><\/div>\n<div  style='padding-bottom:20px; color:#af3131;font-size:50px;' class='av-special-heading av-special-heading-h1 custom-color-heading blockquote modern-quote modern-centered  avia-builder-el-3  el_after_av_hr  el_before_av_hr  av-inherit-size '><h1 class='av-special-heading-tag  av-medium-font-size-overwrite av-medium-font-size-40 av-small-font-size-overwrite av-small-font-size-30 av-mini-font-size-overwrite av-mini-font-size-30'  itemprop=\"headline\"  >PROYECTOS DE ENERG\u00cdA RENOVABLE EN VENTA DE BA\u00d1OS<\/h1><div class='special-heading-border'><div class='special-heading-inner-border' style='border-color:#af3131'><\/div><\/div><\/div>\n<div  style='height:25px' class='hr hr-invisible   avia-builder-el-4  el_after_av_heading  el_before_av_one_half '><span class='hr-inner ' ><span class='hr-inner-style'><\/span><\/span><\/div>\n<div class=\"flex_column av_one_half  flex_column_div av-zero-column-padding first  avia-builder-el-5  el_after_av_hr  el_before_av_one_half  \" style='border-radius:0px; '><section class=\"av_textblock_section \"  itemscope=\"itemscope\" itemtype=\"https:\/\/schema.org\/CreativeWork\" ><div class='avia_textblock  '   itemprop=\"text\" ><p><strong>ENERG\u00cdA EL\u00c9CTRICA LOCAL<\/strong><\/p>\n<p>En Instalaciones y Montajes El\u00e9ctricos Jos\u00e9 Manj\u00f3n S.L. hemos dise\u00f1ado una serie de servicios especialmente para particulares y el sector industrial. El mismo considera:<\/p>\n<p><strong>Industria<\/strong><\/p>\n<p>\u2022 Instalaciones el\u00e9ctricas industriales.<br \/>\n\u2022 Boletines de alta, ampliaci\u00f3n de potencia y cambio de tensi\u00f3n.<br \/>\n\u2022 Instalaciones y estudios de iluminaci\u00f3n.<br \/>\n\u2022 Dom\u00f3tica.<br \/>\n\u2022 Todo tipo de reparaciones y reformas.<br \/>\n\u2022 Alarmas contra intrusi\u00f3n e incendio.<br \/>\n\u2022 Videovigilancia.<br \/>\n\u2022 Sonorizaci\u00f3n integral.<br \/>\n\u2022 Energ\u00eda solar.<br \/>\n\u2022 Iluminaci\u00f3n LED.<\/p>\n<p><strong>Viviendas<\/strong><\/p>\n<p>\u2022 Todo tipo de reparaciones y reformas.<br \/>\n\u2022 Boletines de alta, ampliaci\u00f3n de potencia y cambio de tensi\u00f3n.<br \/>\n\u2022 Sistemas de ahorro energ\u00e9tico mediante detectores de presencia.<br \/>\n\u2022 Antenas: instalaci\u00f3n, mantenimiento y reparaci\u00f3n.<br \/>\n\u2022 Alarmas contra intrusi\u00f3n e incendio.<br \/>\n\u2022 V\u00eddeovigilancia.<br \/>\n\u2022 Dom\u00f3tica.<br \/>\n\u2022 Iluminaci\u00f3n LED<\/p>\n<p>Adem\u00e1s, apostamos por un sistema energ\u00e9tico viable con la instalaci\u00f3n y formulaci\u00f3n de proyectos de energ\u00eda renovable para conexi\u00f3n a red el\u00e9ctrica y autoconsumo.<\/p>\n<\/div><\/section><\/div><div class=\"flex_column av_one_half  flex_column_div av-zero-column-padding   avia-builder-el-7  el_after_av_one_half  avia-builder-el-last  \" style='border-radius:0px; '><div  class='avia-image-container  av-styling-    avia-builder-el-8  avia-builder-el-no-sibling  avia-align-center '  itemprop=\"image\" itemscope=\"itemscope\" itemtype=\"https:\/\/schema.org\/ImageObject\"  ><div class='avia-image-container-inner'><div class='avia-image-overlay-wrap'><img class='wp-image-862 avia-img-lazy-loading-not-862 avia_image' src=\"https:\/\/www.josemanjon.com\/wp-content\/uploads\/2021\/05\/resize.jpg\" alt='' title='resize' height=\"1505\" width=\"918\"  itemprop=\"thumbnailUrl\" srcset=\"https:\/\/www.josemanjon.com\/wp-content\/uploads\/2021\/05\/resize.jpg 918w, https:\/\/www.josemanjon.com\/wp-content\/uploads\/2021\/05\/resize-183x300.jpg 183w, https:\/\/www.josemanjon.com\/wp-content\/uploads\/2021\/05\/resize-628x1030.jpg 628w, https:\/\/www.josemanjon.com\/wp-content\/uploads\/2021\/05\/resize-768x1259.jpg 768w, https:\/\/www.josemanjon.com\/wp-content\/uploads\/2021\/05\/resize-915x1500.jpg 915w, https:\/\/www.josemanjon.com\/wp-content\/uploads\/2021\/05\/resize-430x705.jpg 430w\" sizes=\"(max-width: 918px) 100vw, 918px\" \/><\/div><\/div><\/div><\/div><\/div><\/div><\/div><!-- close content main div --><\/div><\/div><\/div><div id='av_section_2'  class='avia-section main_color avia-section-large avia-no-border-styling  avia-bg-style-scroll  avia-builder-el-9  el_after_av_section  avia-builder-el-last   container_wrap sidebar_right' style=' '  ><div class='container' ><div class='template-page content  av-content-small alpha units'><div class='post-entry post-entry-type-page post-entry-861'><div class='entry-content-wrapper clearfix'>\n<div  style='padding-bottom:20px; font-size:50px;' class='av-special-heading av-special-heading-h1  blockquote modern-quote modern-centered  avia-builder-el-10  avia-builder-el-no-sibling  av-inherit-size '><h1 class='av-special-heading-tag '  itemprop=\"headline\"  ><a href=tel:979771607\">Ll\u00e1menos 979.771.607<\/a><\/h1><div class='special-heading-border'><div class='special-heading-inner-border' ><\/div><\/div><\/div>\n<\/div><\/div><\/div><!-- close content main div --><\/div><\/div><div id='after_section_2'  class='main_color av_default_container_wrap container_wrap sidebar_right' style=' '  ><div class='container' ><div class='template-page content  av-content-small alpha units'><div class='post-entry post-entry-type-page post-entry-861'><div class='entry-content-wrapper clearfix'><\/p>\n","protected":false},"excerpt":{"rendered":"","protected":false},"author":1,"featured_media":0,"parent":0,"menu_order":0,"comment_status":"closed","ping_status":"closed","template":"","meta":[],"_links":{"self":[{"href":"https:\/\/www.josemanjon.com\/index.php\/wp-json\/wp\/v2\/pages\/861"}],"collection":[{"href":"https:\/\/www.josemanjon.com\/index.php\/wp-json\/wp\/v2\/pages"}],"about":[{"href":"https:\/\/www.josemanjon.com\/index.php\/wp-json\/wp\/v2\/types\/page"}],"author":[{"embeddable":true,"href":"https:\/\/www.josemanjon.com\/index.php\/wp-json\/wp\/v2\/users\/1"}],"replies":[{"embeddable":true,"href":"https:\/\/www.josemanjon.com\/index.php\/wp-json\/wp\/v2\/comments?post=861"}],"version-history":[{"count":1,"href":"https:\/\/www.josemanjon.com\/index.php\/wp-json\/wp\/v2\/pages\/861\/revisions"}],"predecessor-version":[{"id":863,"href":"https:\/\/www.josemanjon.com\/index.php\/wp-json\/wp\/v2\/pages\/861\/revisions\/863"}],"wp:attachment":[{"href":"https:\/\/www.josemanjon.com\/index.php\/wp-json\/wp\/v2\/media?parent=861"}],"curies":[{"name":"wp","href":"https:\/\/api.w.org\/{rel}","templated":true}]}}